 is divided by 4324?
88
Calculate the remainder when 74272 is divided by 37104.
64
Calculate the remainder when 173024569 is divided by 119.
116
What is the remainder when 534934 is divided by 66761?
846
Calculate the remainder when 16379304 is divided by 853.
851
What is the remainder when 2077764 is divided by 519435?
24
Calculate the remainder when 1063818 is divided by 3812.
270
What is the remainder when 13690728 is divided by 13?
12
Calculate the remainder when 3539990 is divided by 707992.
30
Calculate the remainder when 5126755 is divided by 17.
14
What is the remainder when 131447469 is divided by 14?
13
What is the remainder when 76716132 is divided by 679?
675
Calculate the remainder when 1558068 is divided by 78.
18
What is the remainder when 1785340 is divided by 611?
609
What is the remainder when 3458831 is divided by 84354?
317
Calculate the remainder when 17653 is divided by 7217.
3219
What is the remainder when 1290660 is divided by 2313?
6
Calculate the remainder when 41945 is divided by 4146.
485
Calculate the remainder when 11059619 is divided by 27649.
19
Calculate the remainder when 75776 is divided by 75640.
136
Calculate the remainder when 130928 is divided by 130780.
148
Calculate the remainder when 2191 is divided by 443.
419
What is the remainder when 3925065 is divided by 313?
45
What is the remainder when 2969511 is divided by 70702?
27
Calculate the remainder when 29309 is divided by 13150.
3009
Calculate the remainder when 37867 is divided by 18399.
1069
What is the remainder when 3756127 is divided by 13042?
31
What is the remainder when 396351 is divided by 33010?
231
What is the remainder when 503047 is divided by 1776?
439
What is the remainder when 3704977 is divided by 468?
289
What is the remainder when 25349 is divided by 3202?
2935
Calculate the remainder when 3045603 is divided by 217.
8
Calculate the remainder when 91033 is divided by 9068.
353
What is the remainder when 36715423 is divided by 11?
8
What is the remainder when 35525 is divided by 2081?
148
Calculate the remainder when 8736539 is divided by 4.
3
Calculate the remainder when 149271 is divided by 140.
31
Calculate the remainder when 1663237 is divided by 26400.
37
What is the remainder when 47381625 is divided by 4773?
54
Calculate the remainder when 64198 is divided by 64094.
104
Calculate the remainder when 3335 is divided by 1628.
79
Calculate the remainder when 103223005 is divided by 162.
7
What is the remainder when 282731 is divided by 992?
11
What is the remainder when 51520 is divided by 16047?
3379
What is the remainder when 86614 is divided by 796?
646
Calculate the remainder when 1965693 is divided by 5430.
33
What is the remainder when 3742795 is divided by 473?
419
What is the remainder when 5287644 is divided by 510?
474
Calculate the remainder when 128414 is divided by 18315.
209
Calculate the remainder when 110202888 is divided by 1999.
17
What is the remainder when 516621 is divided by 6?
3
Calculate the remainder when 6642875 is divided by 3321434.
7
Calculate the remainder when 977544 is divided by 798.
792
What is the remainder when 4815912 is divided by 65?
62
Calculate the remainder when 2549789 is divided by 28.
25
What is the remainder when 423099 is divided by 2820?
99
Calculate the remainder when 319787 is divided by 413.
125
What is the remainder when 396720897 is divided by 9152?
1
What is the remainder when 59873372 is divided by 63?
62
Calculate the remainder when 77015 is divided by 1626.
593
What is the remainder when 385395 is divided by 76?
75
Calculate the remainder when 152862 is divided by 23.
4
Calculate the remainder when 5017796 is divided by 352.
36
Calculate the remainder when 48401112 is divided by 186.
6
Calculate the remainder when 413198 is divided by 4540.
58
Calculate the remainder when 5674841 is divided by 11327.
14
Calculate the remainder when 67817553 is divided by 7.
6
Calculate the remainder when 360679 is divided by 168.
151
Calculate the remainder when 151673 is divided by 668.
37
Calculate the remainder when 13675519 is divided by 10.
9
What is the remainder when 753734 is divided by 2270?
94
Calculate the remainder when 2119525 is divided by 2203.
239
Calculate the remainder when 32240 is divided by 32103.
137
Calculate the remainder when 397035 is divided by 6401.
173
Calculate the remainder when 1222411 is divided by 15280.
11
Calculate the remainder when 9989808 is divided by 1664967.
6
What is the remainder when 1271318 is divided by 211884?
14
Calculate the remainder when 292294 is divided by 41730.
184
Calculate the remainder when 99236 is divided by 33073.
17
Calculate the remainder when 1088793 is divided by 85.
28
Calculate the remainder when 11751 is divided by 866.
493
What is the remainder when 53581 is divided by 53301?
280
Calculate the remainder when 1083943 is divided by 2148.
1351
Calculate the remainder when 396793 is divided by 56675.
68
What is the remainder when 447521 is divided by 23550?
71
What is the remainder when 106198261 is divided by 2673?
2644
Calculate the remainder when 205251 is divided by 9329.
13
What is the remainder when 354829 is divided by 20867?
90
What is the remainder when 798804 is divided by 796778?
2026
What is the remainder when 101322 is divided by 942?
528
What is the remainder when 1165401 is divided by 388412?
165
What is the remainder when 11944076 is divided by 379?
270
Calculate the remainder when 2729346 is divided by 475.
471
Calculate the remainder when 114674306 is divided by 526.
520
What is the remainder when 9146726 is divided by 53?
39
What is the remainder when 822082 is divided by 1343?
166
Calculate the remainder when 7955822 is divided by 25337.
4
What is the remainder when 7560292 is divided by 1914?
1906
What is the remainder when 75924930 is divided by 4646?
4644
Calculate the remainder when 3534532 is divided by 17075.
7
What is the remainder when 1537712 is divided by 442?
436
Calculate the remainder when 518371 is divided by 717.
697
Calculate the remainder when 32707 is divided by 10884.
55
What is the remainder when 2192804 is divided by 7535?
119
Calculate the remainder when 281215240 is divided by 1507.
1505
What is the remainder when 2086432 is divided by 260735?
552
What is the remainder when 156725 is divided by 52116?
377
Calculate the remainder when 9126799 is divided by 16.
15
Calculate the remainder when 945060 is divided by 188989.
115
Calculate the remainder when 44242058 is divided by 26.
16
What is the remainder when 304450 is divided by 5546?
4966
What is the remainder when 116199298 is divided by 455?
33
Calculate the remainder when 596655 is divided by 74577.
39
What is the remainder when 17226979 is divided by 11341?
0
What is the remainder when 3597252 is divided by 6985?
6962
What is the remainder when 82098 is divided by 772?
266
Calculate the remainder when 9835 is divided by 3327.
3181
What is the remainder when 620953 is divided by 1411?
113
Calculate the remainder when 437441 is divided by 1030.
721
Calculate the remainder when 50939 is divided by 14.
7
What is the remainder when 18529 is divided by 585?
394
What is the remainder when 2214197 is divided by 299?
102
What is the remainder when 9266340 is divided by 3088778?
6
Calculate the remainder when 279695 is divided by 3766.
1011
Calculate the remainder when 13132 is divided by 1068.
316
What is the remainder when 755585 is divided by 9943?
9860
What is the remainder when 62036328 is divided by 2253?
2226
Calculate the remainder when 3070596 is divided by 332.
260
Calculate the remainder when 1422486 is divided by 41837.
28
Calculate the remainder when 1469034 is divided by 134.
126
Calculate the remainder when 268330 is divided by 897.
127
What is the remainder when 6589 is divided by 3264?
61
What is the remainder when 41653413 is divided by 6216?
6213
What is the remainder when 157122 is divided by 25842?
2070
Calculate the remainder when 30562066 is divided by 2729.
2724
What is the remainder when 155676 is divided by 1402?
54
Calculate the remainder when 2136786 is divided by 800.
786
Calculate the remainder when 244823 is divided by 6994.
33
Calculate the remainder when 114566 is divided by 3565.
486
What is the remaind